{"id":127,"date":"2023-11-14T14:06:19","date_gmt":"2023-11-14T14:06:19","guid":{"rendered":"https:\/\/servertekom.de\/wordpress\/?page_id=127"},"modified":"2025-12-01T08:51:34","modified_gmt":"2025-12-01T08:51:34","slug":"home","status":"publish","type":"page","link":"https:\/\/grundschule-klardorf.de\/","title":{"rendered":"Startseite"},"content":{"rendered":"\t\t<div data-elementor-type=\"wp-page\" data-elementor-id=\"127\" class=\"elementor elementor-127\" data-elementor-post-type=\"page\">\n\t\t\t\t<div class=\"elementor-element elementor-element-a94366f e-flex e-con-boxed e-con e-parent\" data-id=\"a94366f\" data-element_type=\"container\" data-settings=\"{&quot;background_background&quot;:&quot;classic&quot;,&quot;shape_divider_bottom&quot;:&quot;mountains&quot;}\">\n\t\t\t\t\t<div class=\"e-con-inner\">\n\t\t\t\t<div class=\"elementor-shape elementor-shape-bottom\" data-negative=\"false\">\n\t\t\t<svg xmlns=\"http:\/\/www.w3.org\/2000\/svg\" viewBox=\"0 0 1000 100\" preserveAspectRatio=\"none\">\n\t<path class=\"elementor-shape-fill\" opacity=\"0.33\" d=\"M473,67.3c-203.9,88.3-263.1-34-320.3,0C66,119.1,0,59.7,0,59.7V0h1000v59.7 c0,0-62.1,26.1-94.9,29.3c-32.8,3.3-62.8-12.3-75.8-22.1C806,49.6,745.3,8.7,694.9,4.7S492.4,59,473,67.3z\"\/>\n\t<path class=\"elementor-shape-fill\" opacity=\"0.66\" d=\"M734,67.3c-45.5,0-77.2-23.2-129.1-39.1c-28.6-8.7-150.3-10.1-254,39.1 s-91.7-34.4-149.2,0C115.7,118.3,0,39.8,0,39.8V0h1000v36.5c0,0-28.2-18.5-92.1-18.5C810.2,18.1,775.7,67.3,734,67.3z\"\/>\n\t<path class=\"elementor-shape-fill\" d=\"M766.1,28.9c-200-57.5-266,65.5-395.1,19.5C242,1.8,242,5.4,184.8,20.6C128,35.8,132.3,44.9,89.9,52.5C28.6,63.7,0,0,0,0 h1000c0,0-9.9,40.9-83.6,48.1S829.6,47,766.1,28.9z\"\/>\n<\/svg>\t\t<\/div>\n\t\t\t\t\t<\/div>\n\t\t\t\t<\/div>\n\t\t<div class=\"elementor-element elementor-element-1be8a3f0 e-flex e-con-boxed e-con e-parent\" data-id=\"1be8a3f0\" data-element_type=\"container\">\n\t\t\t\t\t<div class=\"e-con-inner\">\n\t\t<div class=\"elementor-element elementor-element-17cdca92 e-con-full e-flex e-con e-child\" data-id=\"17cdca92\" data-element_type=\"container\">\n\t\t\t\t<div class=\"elementor-element elementor-element-741b663c elementor-widget elementor-widget-text-editor\" data-id=\"741b663c\" data-element_type=\"widget\" data-widget_type=\"text-editor.default\">\n\t\t\t\t<div class=\"elementor-widget-container\">\n\t\t\t\t\t\t\t\t\t<p>Herzlich Willkommen beim Internetauftritt der Grundschule Klardorf<\/p><p>Auf dieser Seite finden Sie alle n\u00fctzlichen Informationen rund um den Schulatltag<\/p>\t\t\t\t\t\t\t\t<\/div>\n\t\t\t\t<\/div>\n\t\t\t\t<\/div>\n\t\t<div class=\"elementor-element elementor-element-36efe62d e-con-full e-flex e-con e-child\" data-id=\"36efe62d\" data-element_type=\"container\">\n\t\t\t\t<div class=\"elementor-element elementor-element-4bcab84d elementor-widget elementor-widget-image\" data-id=\"4bcab84d\" data-element_type=\"widget\" data-widget_type=\"image.default\">\n\t\t\t\t<div class=\"elementor-widget-container\">\n\t\t\t\t\t\t\t\t\t\t\t\t\t\t\t<img fetchpriority=\"high\" decoding=\"async\" width=\"639\" height=\"247\" src=\"https:\/\/grundschule-klardorf.de\/wp-content\/uploads\/2023\/11\/243be4a04ff6fc68b133d11f2dd8c890.png\" class=\"attachment-full size-full wp-image-160\" alt=\"\" srcset=\"https:\/\/grundschule-klardorf.de\/wp-content\/uploads\/2023\/11\/243be4a04ff6fc68b133d11f2dd8c890.png 639w, https:\/\/grundschule-klardorf.de\/wp-content\/uploads\/2023\/11\/243be4a04ff6fc68b133d11f2dd8c890-300x116.png 300w\" sizes=\"(max-width: 639px) 100vw, 639px\" \/>\t\t\t\t\t\t\t\t\t\t\t\t\t\t\t<\/div>\n\t\t\t\t<\/div>\n\t\t\t\t<\/div>\n\t\t\t\t\t<\/div>\n\t\t\t\t<\/div>\n\t\t<div class=\"elementor-element elementor-element-5f75ccc e-flex e-con-boxed e-con e-parent\" data-id=\"5f75ccc\" data-element_type=\"container\">\n\t\t\t\t\t<div class=\"e-con-inner\">\n\t\t<div class=\"elementor-element elementor-element-812e2d4 e-con-full e-flex e-con e-child\" data-id=\"812e2d4\" data-element_type=\"container\">\n\t\t\t\t<div class=\"elementor-element elementor-element-38f5056 elementor-widget elementor-widget-image\" data-id=\"38f5056\" data-element_type=\"widget\" data-widget_type=\"image.default\">\n\t\t\t\t<div class=\"elementor-widget-container\">\n\t\t\t\t\t\t\t\t\t\t\t\t\t\t\t<img decoding=\"async\" src=\"https:\/\/grundschule-klardorf.de\/wp-content\/uploads\/2025\/12\/Bild1.jpg\" title=\"\" alt=\"Kinder helfen Kinder\" loading=\"lazy\" \/>\t\t\t\t\t\t\t\t\t\t\t\t\t\t\t<\/div>\n\t\t\t\t<\/div>\n\t\t\t\t<div class=\"elementor-element elementor-element-0922e8d elementor-widget elementor-widget-spacer\" data-id=\"0922e8d\" data-element_type=\"widget\" data-widget_type=\"spacer.default\">\n\t\t\t\t<div class=\"elementor-widget-container\">\n\t\t\t\t\t\t\t<div class=\"elementor-spacer\">\n\t\t\t<div class=\"elementor-spacer-inner\"><\/div>\n\t\t<\/div>\n\t\t\t\t\t\t<\/div>\n\t\t\t\t<\/div>\n\t\t\t\t<\/div>\n\t\t\t\t<div class=\"elementor-element elementor-element-de0833a elementor-widget elementor-widget-spacer\" data-id=\"de0833a\" data-element_type=\"widget\" data-widget_type=\"spacer.default\">\n\t\t\t\t<div class=\"elementor-widget-container\">\n\t\t\t\t\t\t\t<div class=\"elementor-spacer\">\n\t\t\t<div class=\"elementor-spacer-inner\"><\/div>\n\t\t<\/div>\n\t\t\t\t\t\t<\/div>\n\t\t\t\t<\/div>\n\t\t<div class=\"elementor-element elementor-element-c3d04dc e-con-full e-flex e-con e-child\" data-id=\"c3d04dc\" data-element_type=\"container\">\n\t\t\t\t<div class=\"elementor-element elementor-element-0027517 elementor-widget elementor-widget-text-editor\" data-id=\"0027517\" data-element_type=\"widget\" data-widget_type=\"text-editor.default\">\n\t\t\t\t<div class=\"elementor-widget-container\">\n\t\t\t\t\t\t\t\t\t<h2><strong>Kinder helfen Kindern<\/strong><\/h2><p>Mit zahlreichen liebevoll gepackten Weihnachtsgeschenken beteiligen sich die Sch\u00fcler und Sch\u00fclerinnen der Grundschule Klardorf an der\u00a0Aktion &#8222;Kinder helfen Kindern&#8220;.<\/p><p>Mit ihren bunt geschm\u00fcckten P\u00e4ckchen wollen sie anderen Kindern in\u00a0Albanien, Bulgarien, Moldawien, Rum\u00e4nien und der Ukraine eine Freude bereiten.<\/p><p>\u00a0<\/p><p>.<\/p>\t\t\t\t\t\t\t\t<\/div>\n\t\t\t\t<\/div>\n\t\t\t\t<\/div>\n\t\t\t\t\t<\/div>\n\t\t\t\t<\/div>\n\t\t<div class=\"elementor-element elementor-element-5869491 e-flex e-con-boxed e-con e-parent\" data-id=\"5869491\" data-element_type=\"container\">\n\t\t\t\t\t<div class=\"e-con-inner\">\n\t\t<div class=\"elementor-element elementor-element-9e5dc60 e-con-full e-flex e-con e-child\" data-id=\"9e5dc60\" data-element_type=\"container\">\n\t\t\t\t<div class=\"elementor-element elementor-element-003640d elementor-widget elementor-widget-image\" data-id=\"003640d\" data-element_type=\"widget\" data-widget_type=\"image.default\">\n\t\t\t\t<div class=\"elementor-widget-container\">\n\t\t\t\t\t\t\t\t\t\t\t\t\t\t\t<img decoding=\"async\" src=\"https:\/\/grundschule-klardorf.de\/wp-content\/uploads\/2025\/12\/Bild2.jpg\" title=\"\" alt=\"Aktion zum Vorlesetag\" loading=\"lazy\" \/>\t\t\t\t\t\t\t\t\t\t\t\t\t\t\t<\/div>\n\t\t\t\t<\/div>\n\t\t\t\t<\/div>\n\t\t\t\t<div class=\"elementor-element elementor-element-0e881e8 elementor-widget elementor-widget-spacer\" data-id=\"0e881e8\" data-element_type=\"widget\" data-widget_type=\"spacer.default\">\n\t\t\t\t<div class=\"elementor-widget-container\">\n\t\t\t\t\t\t\t<div class=\"elementor-spacer\">\n\t\t\t<div class=\"elementor-spacer-inner\"><\/div>\n\t\t<\/div>\n\t\t\t\t\t\t<\/div>\n\t\t\t\t<\/div>\n\t\t<div class=\"elementor-element elementor-element-d6ca5bf e-con-full e-flex e-con e-child\" data-id=\"d6ca5bf\" data-element_type=\"container\">\n\t\t\t\t<div class=\"elementor-element elementor-element-e39d0c7 elementor-widget elementor-widget-text-editor\" data-id=\"e39d0c7\" data-element_type=\"widget\" data-widget_type=\"text-editor.default\">\n\t\t\t\t<div class=\"elementor-widget-container\">\n\t\t\t\t\t\t\t\t\t<h2><strong>Aktion zum Vorlesetag<\/strong><\/h2><p>Im Rahmen des Vorlesetages erhielten wir Besuch von einigen Sch\u00fclern und Sch\u00fclerinnen der KMK-Realschule, die uns ausgew\u00e4hlte Kinder und Jugendb\u00fccher vorstellten.<\/p><p>Aufmerksam lauschten die Grundsch\u00fcler den Vorlesern und freuten sich \u00fcber den abwechslungsreichen Vormittag.<\/p>\t\t\t\t\t\t\t\t<\/div>\n\t\t\t\t<\/div>\n\t\t\t\t<\/div>\n\t\t\t\t\t<\/div>\n\t\t\t\t<\/div>\n\t\t\t\t<\/div>\n\t\t","protected":false},"excerpt":{"rendered":"<p>Herzlich Willkommen beim Internetauftritt der Grundschule Klardorf Auf dieser Seite finden Sie alle n\u00fctzlichen Informationen rund um den Schulatltag Kinder helfen Kindern Mit zahlreichen liebevoll gepackten Weihnachtsgeschenken beteiligen sich die Sch\u00fcler und Sch\u00fclerinnen der Grundschule Klardorf an der\u00a0Aktion &#8222;Kinder helfen Kindern&#8220;. Mit ihren bunt geschm\u00fcckten P\u00e4ckchen wollen sie anderen Kindern in\u00a0Albanien, Bulgarien, Moldawien, Rum\u00e4nien und [&hellip;]<\/p>\n","protected":false},"author":1,"featured_media":0,"parent":0,"menu_order":0,"comment_status":"closed","ping_status":"closed","template":"elementor_header_footer","meta":{"footnotes":""},"class_list":["post-127","page","type-page","status-publish","hentry"],"_links":{"self":[{"href":"https:\/\/grundschule-klardorf.de\/index.php?rest_route=\/wp\/v2\/pages\/127","targetHints":{"allow":["GET"]}}],"collection":[{"href":"https:\/\/grundschule-klardorf.de\/index.php?rest_route=\/wp\/v2\/pages"}],"about":[{"href":"https:\/\/grundschule-klardorf.de\/index.php?rest_route=\/wp\/v2\/types\/page"}],"author":[{"embeddable":true,"href":"https:\/\/grundschule-klardorf.de\/index.php?rest_route=\/wp\/v2\/users\/1"}],"replies":[{"embeddable":true,"href":"https:\/\/grundschule-klardorf.de\/index.php?rest_route=%2Fwp%2Fv2%2Fcomments&post=127"}],"version-history":[{"count":35,"href":"https:\/\/grundschule-klardorf.de\/index.php?rest_route=\/wp\/v2\/pages\/127\/revisions"}],"predecessor-version":[{"id":479,"href":"https:\/\/grundschule-klardorf.de\/index.php?rest_route=\/wp\/v2\/pages\/127\/revisions\/479"}],"wp:attachment":[{"href":"https:\/\/grundschule-klardorf.de\/index.php?rest_route=%2Fwp%2Fv2%2Fmedia&parent=127"}],"curies":[{"name":"wp","href":"https:\/\/api.w.org\/{rel}","templated":true}]}}

<div data-elementor-type="wp-page" data-elementor-id="127" class="elementor elementor-127" data-elementor-post-type="page">
				<div class="elementor-element elementor-element-a94366f e-flex e-con-boxed e-con e-parent" data-id="a94366f" data-element_type="container" data-settings="{&quot;background_background&quot;:&quot;classic&quot;,&quot;shape_divider_bottom&quot;:&quot;mountains&quot;}">
					<div class="e-con-inner">
				<div class="elementor-shape elementor-shape-bottom" data-negative="false">
			<svg xmlns="http://www.w3.org/2000/svg" viewBox="0 0 1000 100" preserveAspectRatio="none">
	<path class="elementor-shape-fill" opacity="0.33" d="M473,67.3c-203.9,88.3-263.1-34-320.3,0C66,119.1,0,59.7,0,59.7V0h1000v59.7 c0,0-62.1,26.1-94.9,29.3c-32.8,3.3-62.8-12.3-75.8-22.1C806,49.6,745.3,8.7,694.9,4.7S492.4,59,473,67.3z"/>
	<path class="elementor-shape-fill" opacity="0.66" d="M734,67.3c-45.5,0-77.2-23.2-129.1-39.1c-28.6-8.7-150.3-10.1-254,39.1 s-91.7-34.4-149.2,0C115.7,118.3,0,39.8,0,39.8V0h1000v36.5c0,0-28.2-18.5-92.1-18.5C810.2,18.1,775.7,67.3,734,67.3z"/>
	<path class="elementor-shape-fill" d="M766.1,28.9c-200-57.5-266,65.5-395.1,19.5C242,1.8,242,5.4,184.8,20.6C128,35.8,132.3,44.9,89.9,52.5C28.6,63.7,0,0,0,0 h1000c0,0-9.9,40.9-83.6,48.1S829.6,47,766.1,28.9z"/>
</svg>		</div>
					</div>
				</div>
		<div class="elementor-element elementor-element-1be8a3f0 e-flex e-con-boxed e-con e-parent" data-id="1be8a3f0" data-element_type="container">
					<div class="e-con-inner">
		<div class="elementor-element elementor-element-17cdca92 e-con-full e-flex e-con e-child" data-id="17cdca92" data-element_type="container">
				<div class="elementor-element elementor-element-741b663c elementor-widget elementor-widget-text-editor" data-id="741b663c" data-element_type="widget" data-widget_type="text-editor.default">
				<div class="elementor-widget-container">
									<p>Herzlich Willkommen beim Internetauftritt der Grundschule Klardorf</p><p>Auf dieser Seite finden Sie alle nützlichen Informationen rund um den Schulatltag</p>								</div>
				</div>
				</div>
		<div class="elementor-element elementor-element-36efe62d e-con-full e-flex e-con e-child" data-id="36efe62d" data-element_type="container">
				<div class="elementor-element elementor-element-4bcab84d elementor-widget elementor-widget-image" data-id="4bcab84d" data-element_type="widget" data-widget_type="image.default">
				<div class="elementor-widget-container">
															<img fetchpriority="high" decoding="async" width="639" height="247" src="https://grundschule-klardorf.de/wp-content/uploads/2023/11/243be4a04ff6fc68b133d11f2dd8c890.png" class="attachment-full size-full wp-image-160" alt="" srcset="https://grundschule-klardorf.de/wp-content/uploads/2023/11/243be4a04ff6fc68b133d11f2dd8c890.png 639w, https://grundschule-klardorf.de/wp-content/uploads/2023/11/243be4a04ff6fc68b133d11f2dd8c890-300x116.png 300w" sizes="(max-width: 639px) 100vw, 639px" />															</div>
				</div>
				</div>
					</div>
				</div>
		<div class="elementor-element elementor-element-5f75ccc e-flex e-con-boxed e-con e-parent" data-id="5f75ccc" data-element_type="container">
					<div class="e-con-inner">
		<div class="elementor-element elementor-element-812e2d4 e-con-full e-flex e-con e-child" data-id="812e2d4" data-element_type="container">
				<div class="elementor-element elementor-element-38f5056 elementor-widget elementor-widget-image" data-id="38f5056" data-element_type="widget" data-widget_type="image.default">
				<div class="elementor-widget-container">
															<img decoding="async" src="https://grundschule-klardorf.de/wp-content/uploads/2025/12/Bild1.jpg" title="" alt="Kinder helfen Kinder" loading="lazy" />															</div>
				</div>
				<div class="elementor-element elementor-element-0922e8d elementor-widget elementor-widget-spacer" data-id="0922e8d" data-element_type="widget" data-widget_type="spacer.default">
				<div class="elementor-widget-container">
							<div class="elementor-spacer">
			<div class="elementor-spacer-inner"></div>
		</div>
						</div>
				</div>
				</div>
				<div class="elementor-element elementor-element-de0833a elementor-widget elementor-widget-spacer" data-id="de0833a" data-element_type="widget" data-widget_type="spacer.default">
				<div class="elementor-widget-container">
							<div class="elementor-spacer">
			<div class="elementor-spacer-inner"></div>
		</div>
						</div>
				</div>
		<div class="elementor-element elementor-element-c3d04dc e-con-full e-flex e-con e-child" data-id="c3d04dc" data-element_type="container">
				<div class="elementor-element elementor-element-0027517 elementor-widget elementor-widget-text-editor" data-id="0027517" data-element_type="widget" data-widget_type="text-editor.default">
				<div class="elementor-widget-container">
									<h2><strong>Kinder helfen Kindern</strong></h2><p>Mit zahlreichen liebevoll gepackten Weihnachtsgeschenken beteiligen sich die Schüler und Schülerinnen der Grundschule Klardorf an der Aktion &#8222;Kinder helfen Kindern&#8220;.</p><p>Mit ihren bunt geschmückten Päckchen wollen sie anderen Kindern in Albanien, Bulgarien, Moldawien, Rumänien und der Ukraine eine Freude bereiten.</p><p> </p><p>.</p>								</div>
				</div>
				</div>
					</div>
				</div>
		<div class="elementor-element elementor-element-5869491 e-flex e-con-boxed e-con e-parent" data-id="5869491" data-element_type="container">
					<div class="e-con-inner">
		<div class="elementor-element elementor-element-9e5dc60 e-con-full e-flex e-con e-child" data-id="9e5dc60" data-element_type="container">
				<div class="elementor-element elementor-element-003640d elementor-widget elementor-widget-image" data-id="003640d" data-element_type="widget" data-widget_type="image.default">
				<div class="elementor-widget-container">
															<img decoding="async" src="https://grundschule-klardorf.de/wp-content/uploads/2025/12/Bild2.jpg" title="" alt="Aktion zum Vorlesetag" loading="lazy" />															</div>
				</div>
				</div>
				<div class="elementor-element elementor-element-0e881e8 elementor-widget elementor-widget-spacer" data-id="0e881e8" data-element_type="widget" data-widget_type="spacer.default">
				<div class="elementor-widget-container">
							<div class="elementor-spacer">
			<div class="elementor-spacer-inner"></div>
		</div>
						</div>
				</div>
		<div class="elementor-element elementor-element-d6ca5bf e-con-full e-flex e-con e-child" data-id="d6ca5bf" data-element_type="container">
				<div class="elementor-element elementor-element-e39d0c7 elementor-widget elementor-widget-text-editor" data-id="e39d0c7" data-element_type="widget" data-widget_type="text-editor.default">
				<div class="elementor-widget-container">
									<h2><strong>Aktion zum Vorlesetag</strong></h2><p>Im Rahmen des Vorlesetages erhielten wir Besuch von einigen Schülern und Schülerinnen der KMK-Realschule, die uns ausgewählte Kinder und Jugendbücher vorstellten.</p><p>Aufmerksam lauschten die Grundschüler den Vorlesern und freuten sich über den abwechslungsreichen Vormittag.</p>								</div>
				</div>
				</div>
					</div>
				</div>
				</div>

<p>Herzlich Willkommen beim Internetauftritt der Grundschule Klardorf Auf dieser Seite finden Sie alle nützlichen Informationen rund um den Schulatltag Kinder helfen Kindern Mit zahlreichen liebevoll gepackten Weihnachtsgeschenken beteiligen sich die Schüler und Schülerinnen der Grundschule Klardorf an der Aktion &#8222;Kinder helfen Kindern&#8220;. Mit ihren bunt geschmückten Päckchen wollen sie anderen Kindern in Albanien, Bulgarien, Moldawien, Rumänien und [&hellip;]</p>
