{"id":198,"date":"2023-11-15T18:21:51","date_gmt":"2023-11-15T18:21:51","guid":{"rendered":"https:\/\/servertekom.de\/wordpress\/?page_id=198"},"modified":"2023-11-15T18:40:16","modified_gmt":"2023-11-15T18:40:16","slug":"formulare","status":"publish","type":"page","link":"https:\/\/grundschule-klardorf.de\/?page_id=198","title":{"rendered":"Formulare"},"content":{"rendered":"\t\t<div data-elementor-type=\"wp-page\" data-elementor-id=\"198\" class=\"elementor elementor-198\" data-elementor-post-type=\"page\">\n\t\t\t\t<div class=\"elementor-element elementor-element-d47f22c e-flex e-con-boxed e-con e-parent\" data-id=\"d47f22c\" data-element_type=\"container\">\n\t\t\t\t\t<div class=\"e-con-inner\">\n\t\t\t\t\t<\/div>\n\t\t\t\t<\/div>\n\t\t<div class=\"elementor-element elementor-element-3815063 e-flex e-con-boxed e-con e-parent\" data-id=\"3815063\" data-element_type=\"container\">\n\t\t\t\t\t<div class=\"e-con-inner\">\n\t\t<div class=\"elementor-element elementor-element-5b8f265 e-con-full e-flex e-con e-child\" data-id=\"5b8f265\" data-element_type=\"container\">\n\t\t\t\t<div class=\"elementor-element elementor-element-fabc751 elementor-widget elementor-widget-heading\" data-id=\"fabc751\" data-element_type=\"widget\" data-widget_type=\"heading.default\">\n\t\t\t\t<div class=\"elementor-widget-container\">\n\t\t\t\t\t<h1 class=\"elementor-heading-title elementor-size-large\">Infektionsschutz Belehrungsbogen<\/h1>\t\t\t\t<\/div>\n\t\t\t\t<\/div>\n\t\t\t\t<div class=\"elementor-element elementor-element-53e5c00 elementor-widget elementor-widget-text-editor\" data-id=\"53e5c00\" data-element_type=\"widget\" data-widget_type=\"text-editor.default\">\n\t\t\t\t<div class=\"elementor-widget-container\">\n\t\t\t\t\t\t\t\t\t<p>Liebe Eltern,<\/p><p>bei der Anmeldung Ihres Kindes an unserer Schule haben Sie ein Merkblatt erhalten, das genau regelt, in welchen F\u00e4llen bzw. bei welchen von einem Arzt festgestellten Krankheiten Ihres Kindes oder eines Familienmitgliedes, Sie die Schule informieren m\u00fcssen und Ihr Kind zu Hause bleiben muss.<\/p><p>Bitte bewahren Sie dieses Merkblatt auf, die neueste Version finden Sie unterhalb als Download.<\/p><p>Nun gibt es eine gesetzliche Erg\u00e4nzung \u00fcber diese wir informieren m\u00fcssen. Neu ist die Informationspflicht und das Verbot, die Schule zu besuchen, wenn Ihr Kind oder jemand in Ihrem Haushalt an R\u00d6TELN oder WINDPOCKEN erkrankt ist.<\/p><p>\u00a0<\/p><p>Hier download:<\/p><p><a href=\"https:\/\/grundschule-klardorf.de\/?attachment_id=199\" rel=\"attachment wp-att-199\">Belehrungsbogen Eltern<\/a><\/p>\t\t\t\t\t\t\t\t<\/div>\n\t\t\t\t<\/div>\n\t\t\t\t<\/div>\n\t\t<div class=\"elementor-element elementor-element-508528a e-con-full e-flex e-con e-child\" data-id=\"508528a\" data-element_type=\"container\">\n\t\t<div class=\"elementor-element elementor-element-2ebe2b1 e-flex e-con-boxed e-con e-child\" data-id=\"2ebe2b1\" data-element_type=\"container\">\n\t\t\t\t\t<div class=\"e-con-inner\">\n\t\t\t\t<div class=\"elementor-element elementor-element-e991fe7 elementor-widget elementor-widget-heading\" data-id=\"e991fe7\" data-element_type=\"widget\" data-widget_type=\"heading.default\">\n\t\t\t\t<div class=\"elementor-widget-container\">\n\t\t\t\t\t<h2 class=\"elementor-heading-title elementor-size-large\">Schweigepflichtsentbindung<\/h2>\t\t\t\t<\/div>\n\t\t\t\t<\/div>\n\t\t\t\t\t<\/div>\n\t\t\t\t<\/div>\n\t\t<div class=\"elementor-element elementor-element-4c918c2 e-flex e-con-boxed e-con e-child\" data-id=\"4c918c2\" data-element_type=\"container\">\n\t\t\t\t\t<div class=\"e-con-inner\">\n\t\t\t\t<div class=\"elementor-element elementor-element-fdb8b4e elementor-widget elementor-widget-text-editor\" data-id=\"fdb8b4e\" data-element_type=\"widget\" data-widget_type=\"text-editor.default\">\n\t\t\t\t<div class=\"elementor-widget-container\">\n\t\t\t\t\t\t\t\t\t<p>Hier k\u00f6nnen Sie sich das Formular zur Entbindung der Schweigepflicht herunterladen<\/p><p>\u00a0<\/p><p><a href=\"https:\/\/grundschule-klardorf.de\/?attachment_id=200\" rel=\"attachment wp-att-200\">Schweigepflichtsentbindung<\/a><\/p>\t\t\t\t\t\t\t\t<\/div>\n\t\t\t\t<\/div>\n\t\t\t\t\t<\/div>\n\t\t\t\t<\/div>\n\t\t\t\t<\/div>\n\t\t\t\t\t<\/div>\n\t\t\t\t<\/div>\n\t\t<div class=\"elementor-element elementor-element-cae9372 e-flex e-con-boxed e-con e-parent\" data-id=\"cae9372\" data-element_type=\"container\">\n\t\t\t\t\t<div class=\"e-con-inner\">\n\t\t\t\t<div class=\"elementor-element elementor-element-9cfef33 elementor-widget-divider--view-line elementor-widget elementor-widget-divider\" data-id=\"9cfef33\" data-element_type=\"widget\" data-widget_type=\"divider.default\">\n\t\t\t\t<div class=\"elementor-widget-container\">\n\t\t\t\t\t\t\t<div class=\"elementor-divider\">\n\t\t\t<span class=\"elementor-divider-separator\">\n\t\t\t\t\t\t<\/span>\n\t\t<\/div>\n\t\t\t\t\t\t<\/div>\n\t\t\t\t<\/div>\n\t\t\t\t\t<\/div>\n\t\t\t\t<\/div>\n\t\t<div class=\"elementor-element elementor-element-6426cda e-flex e-con-boxed e-con e-parent\" data-id=\"6426cda\" data-element_type=\"container\">\n\t\t\t\t\t<div class=\"e-con-inner\">\n\t\t\t\t<div class=\"elementor-element elementor-element-14e33c5 elementor-widget elementor-widget-heading\" data-id=\"14e33c5\" data-element_type=\"widget\" data-widget_type=\"heading.default\">\n\t\t\t\t<div class=\"elementor-widget-container\">\n\t\t\t\t\t<h2 class=\"elementor-heading-title elementor-size-large\">Krankmeldung<\/h2>\t\t\t\t<\/div>\n\t\t\t\t<\/div>\n\t\t\t\t\t<\/div>\n\t\t\t\t<\/div>\n\t\t\t\t<\/div>\n\t\t","protected":false},"excerpt":{"rendered":"<p>Infektionsschutz Belehrungsbogen Liebe Eltern, bei der Anmeldung Ihres Kindes an unserer Schule haben Sie ein Merkblatt erhalten, das genau regelt, in welchen F\u00e4llen bzw. bei welchen von einem Arzt festgestellten Krankheiten Ihres Kindes oder eines Familienmitgliedes, Sie die Schule informieren m\u00fcssen und Ihr Kind zu Hause bleiben muss. Bitte bewahren Sie dieses Merkblatt auf, die [&hellip;]<\/p>\n","protected":false},"author":1,"featured_media":0,"parent":0,"menu_order":0,"comment_status":"closed","ping_status":"closed","template":"","meta":{"footnotes":""},"class_list":["post-198","page","type-page","status-publish","hentry"],"_links":{"self":[{"href":"https:\/\/grundschule-klardorf.de\/index.php?rest_route=\/wp\/v2\/pages\/198","targetHints":{"allow":["GET"]}}],"collection":[{"href":"https:\/\/grundschule-klardorf.de\/index.php?rest_route=\/wp\/v2\/pages"}],"about":[{"href":"https:\/\/grundschule-klardorf.de\/index.php?rest_route=\/wp\/v2\/types\/page"}],"author":[{"embeddable":true,"href":"https:\/\/grundschule-klardorf.de\/index.php?rest_route=\/wp\/v2\/users\/1"}],"replies":[{"embeddable":true,"href":"https:\/\/grundschule-klardorf.de\/index.php?rest_route=%2Fwp%2Fv2%2Fcomments&post=198"}],"version-history":[{"count":6,"href":"https:\/\/grundschule-klardorf.de\/index.php?rest_route=\/wp\/v2\/pages\/198\/revisions"}],"predecessor-version":[{"id":210,"href":"https:\/\/grundschule-klardorf.de\/index.php?rest_route=\/wp\/v2\/pages\/198\/revisions\/210"}],"wp:attachment":[{"href":"https:\/\/grundschule-klardorf.de\/index.php?rest_route=%2Fwp%2Fv2%2Fmedia&parent=198"}],"curies":[{"name":"wp","href":"https:\/\/api.w.org\/{rel}","templated":true}]}}

<div data-elementor-type="wp-page" data-elementor-id="198" class="elementor elementor-198" data-elementor-post-type="page">
				<div class="elementor-element elementor-element-d47f22c e-flex e-con-boxed e-con e-parent" data-id="d47f22c" data-element_type="container">
					<div class="e-con-inner">
					</div>
				</div>
		<div class="elementor-element elementor-element-3815063 e-flex e-con-boxed e-con e-parent" data-id="3815063" data-element_type="container">
					<div class="e-con-inner">
		<div class="elementor-element elementor-element-5b8f265 e-con-full e-flex e-con e-child" data-id="5b8f265" data-element_type="container">
				<div class="elementor-element elementor-element-fabc751 elementor-widget elementor-widget-heading" data-id="fabc751" data-element_type="widget" data-widget_type="heading.default">
				<div class="elementor-widget-container">
					<h1 class="elementor-heading-title elementor-size-large">Infektionsschutz Belehrungsbogen</h1>				</div>
				</div>
				<div class="elementor-element elementor-element-53e5c00 elementor-widget elementor-widget-text-editor" data-id="53e5c00" data-element_type="widget" data-widget_type="text-editor.default">
				<div class="elementor-widget-container">
									<p>Liebe Eltern,</p><p>bei der Anmeldung Ihres Kindes an unserer Schule haben Sie ein Merkblatt erhalten, das genau regelt, in welchen Fällen bzw. bei welchen von einem Arzt festgestellten Krankheiten Ihres Kindes oder eines Familienmitgliedes, Sie die Schule informieren müssen und Ihr Kind zu Hause bleiben muss.</p><p>Bitte bewahren Sie dieses Merkblatt auf, die neueste Version finden Sie unterhalb als Download.</p><p>Nun gibt es eine gesetzliche Ergänzung über diese wir informieren müssen. Neu ist die Informationspflicht und das Verbot, die Schule zu besuchen, wenn Ihr Kind oder jemand in Ihrem Haushalt an RÖTELN oder WINDPOCKEN erkrankt ist.</p><p> </p><p>Hier download:</p><p><a href="https://grundschule-klardorf.de/?attachment_id=199" rel="attachment wp-att-199">Belehrungsbogen Eltern</a></p>								</div>
				</div>
				</div>
		<div class="elementor-element elementor-element-508528a e-con-full e-flex e-con e-child" data-id="508528a" data-element_type="container">
		<div class="elementor-element elementor-element-2ebe2b1 e-flex e-con-boxed e-con e-child" data-id="2ebe2b1" data-element_type="container">
					<div class="e-con-inner">
				<div class="elementor-element elementor-element-e991fe7 elementor-widget elementor-widget-heading" data-id="e991fe7" data-element_type="widget" data-widget_type="heading.default">
				<div class="elementor-widget-container">
					<h2 class="elementor-heading-title elementor-size-large">Schweigepflichtsentbindung</h2>				</div>
				</div>
					</div>
				</div>
		<div class="elementor-element elementor-element-4c918c2 e-flex e-con-boxed e-con e-child" data-id="4c918c2" data-element_type="container">
					<div class="e-con-inner">
				<div class="elementor-element elementor-element-fdb8b4e elementor-widget elementor-widget-text-editor" data-id="fdb8b4e" data-element_type="widget" data-widget_type="text-editor.default">
				<div class="elementor-widget-container">
									<p>Hier können Sie sich das Formular zur Entbindung der Schweigepflicht herunterladen</p><p> </p><p><a href="https://grundschule-klardorf.de/?attachment_id=200" rel="attachment wp-att-200">Schweigepflichtsentbindung</a></p>								</div>
				</div>
					</div>
				</div>
				</div>
					</div>
				</div>
		<div class="elementor-element elementor-element-cae9372 e-flex e-con-boxed e-con e-parent" data-id="cae9372" data-element_type="container">
					<div class="e-con-inner">
				<div class="elementor-element elementor-element-9cfef33 elementor-widget-divider--view-line elementor-widget elementor-widget-divider" data-id="9cfef33" data-element_type="widget" data-widget_type="divider.default">
				<div class="elementor-widget-container">
							<div class="elementor-divider">
			<span class="elementor-divider-separator">
						</span>
		</div>
						</div>
				</div>
					</div>
				</div>
		<div class="elementor-element elementor-element-6426cda e-flex e-con-boxed e-con e-parent" data-id="6426cda" data-element_type="container">
					<div class="e-con-inner">
				<div class="elementor-element elementor-element-14e33c5 elementor-widget elementor-widget-heading" data-id="14e33c5" data-element_type="widget" data-widget_type="heading.default">
				<div class="elementor-widget-container">
					<h2 class="elementor-heading-title elementor-size-large">Krankmeldung</h2>				</div>
				</div>
					</div>
				</div>
				</div>

<p>Infektionsschutz Belehrungsbogen Liebe Eltern, bei der Anmeldung Ihres Kindes an unserer Schule haben Sie ein Merkblatt erhalten, das genau regelt, in welchen Fällen bzw. bei welchen von einem Arzt festgestellten Krankheiten Ihres Kindes oder eines Familienmitgliedes, Sie die Schule informieren müssen und Ihr Kind zu Hause bleiben muss. Bitte bewahren Sie dieses Merkblatt auf, die [&hellip;]</p>
