{"id":229,"date":"2023-11-15T19:42:08","date_gmt":"2023-11-15T19:42:08","guid":{"rendered":"https:\/\/servertekom.de\/wordpress\/?page_id=229"},"modified":"2025-12-09T09:26:41","modified_gmt":"2025-12-09T09:26:41","slug":"unser-aktuelles-kollegium","status":"publish","type":"page","link":"https:\/\/grundschule-klardorf.de\/?page_id=229","title":{"rendered":"Unser aktuelles Kollegium"},"content":{"rendered":"\t\t<div data-elementor-type=\"wp-page\" data-elementor-id=\"229\" class=\"elementor elementor-229\" data-elementor-post-type=\"page\">\n\t\t\t\t<div class=\"elementor-element elementor-element-ced0a9f e-flex e-con-boxed e-con e-parent\" data-id=\"ced0a9f\" data-element_type=\"container\">\n\t\t\t\t\t<div class=\"e-con-inner\">\n\t\t\t\t<div class=\"elementor-element elementor-element-78ed864 elementor-widget elementor-widget-text-editor\" data-id=\"78ed864\" data-element_type=\"widget\" data-widget_type=\"text-editor.default\">\n\t\t\t\t<div class=\"elementor-widget-container\">\n\t\t\t\t\t\t\t\t\t<div class=\"textwrapper\"><p>Die Grundschule Klardorf zeichnet sich durch eine <strong>ansprechende<\/strong> und <strong>fachlich kompetente<\/strong> Unterrichtsgestaltung aus. Verantwortlich daf\u00fcr ist unser <strong>gesamtes Kollegium<\/strong>.<\/p><p>Bereits bei der Planung des Unterrichts achten wir darauf, die Inhalte sowohl am Lehrplan Plus als auch an der <strong>Lebensrealit\u00e4t<\/strong> <strong>unserer Sch\u00fclerinnen und Sch\u00fcle<\/strong>r zu orientieren und ihnen auf diese Art und Weise einen optimalen Start in ihr sp\u00e4teres Schul- und Berufsleben zu erm\u00f6glichen.<\/p><p><br \/>Wir freuen uns, auch Ihr Kind an unserer Schule begr\u00fc\u00dfen zu d\u00fcrfen.<\/p><\/div>\t\t\t\t\t\t\t\t<\/div>\n\t\t\t\t<\/div>\n\t\t\t\t\t<\/div>\n\t\t\t\t<\/div>\n\t\t<div class=\"elementor-element elementor-element-626ab6e e-flex e-con-boxed e-con e-parent\" data-id=\"626ab6e\" data-element_type=\"container\">\n\t\t\t\t\t<div class=\"e-con-inner\">\n\t\t\t\t\t<\/div>\n\t\t\t\t<\/div>\n\t\t<div class=\"elementor-element elementor-element-75e7cec e-flex e-con-boxed e-con e-parent\" data-id=\"75e7cec\" data-element_type=\"container\">\n\t\t\t\t\t<div class=\"e-con-inner\">\n\t\t\t\t<div class=\"elementor-element elementor-element-f68c168 elementor-widget__width-inherit elementor-widget elementor-widget-text-editor\" data-id=\"f68c168\" data-element_type=\"widget\" data-widget_type=\"text-editor.default\">\n\t\t\t\t<div class=\"elementor-widget-container\">\n\t\t\t\t\t\t\t\t\t<table style=\"height: 263px;\" border=\"0\" width=\"588\" cellspacing=\"3\" cellpadding=\"5\">\n<tbody>\n<tr>\n<td>Name<\/td>\n<td>Klasse<\/td>\n<td>Kontaktdaten<\/td>\n<td><\/td>\n<\/tr>\n<tr>\n<td>Frau Emerich Marion<\/td>\n<td>1<\/td>\n<td><a href=\"mailto:marion.emerich@schule.bayern.de\">marion.emerich@schule.bayern.de<\/a><\/td>\n<td><\/td>\n<\/tr>\n<tr>\n<td>Frau Wessnitzer Petra<\/td>\n<td>2a<\/td>\n<td><a href=\"mailto:petra.wessnitzer@schule.bayern.de\">petra.wessnitzer@schule.bayern.de<\/a><\/td>\n<td><\/td>\n<\/tr>\n<tr>\n<td>Frau Brigitte Reitenberger<\/td>\n<td>2\/3<\/td>\n<td><a href=\"mailto:brigitte.reitenberger@schule.bayern.de\">brigitte.reitenberger@schule.bayern.de<\/a><\/td>\n<td><\/td>\n<\/tr>\n<tr>\n<td>Frau Sabine Jessensky<\/td>\n<td>3\/4<\/td>\n<td><a href=\"mailto:sabine.jessensky@schule.bayern.de\">sabine.jessensky@schule.bayern.de<\/a><\/td>\n<td><\/td>\n<\/tr>\n<tr>\n\n\n<\/tr>\n<\/tbody>\n<\/table>\t\t\t\t\t\t\t\t<\/div>\n\t\t\t\t<\/div>\n\t\t\t\t\t<\/div>\n\t\t\t\t<\/div>\n\t\t<div class=\"elementor-element elementor-element-5d8b429 e-flex e-con-boxed e-con e-parent\" data-id=\"5d8b429\" data-element_type=\"container\">\n\t\t\t\t\t<div class=\"e-con-inner\">\n\t\t\t\t<div class=\"elementor-element elementor-element-c338355 elementor-widget elementor-widget-text-editor\" data-id=\"c338355\" data-element_type=\"widget\" data-widget_type=\"text-editor.default\">\n\t\t\t\t<div class=\"elementor-widget-container\">\n\t\t\t\t\t\t\t\t\t<p>Zum Lehrerkollegium geh\u00f6ren au\u00dferdem<\/p>\t\t\t\t\t\t\t\t<\/div>\n\t\t\t\t<\/div>\n\t\t\t\t\t<\/div>\n\t\t\t\t<\/div>\n\t\t<div class=\"elementor-element elementor-element-15c8d35 e-flex e-con-boxed e-con e-parent\" data-id=\"15c8d35\" data-element_type=\"container\">\n\t\t\t\t\t<div class=\"e-con-inner\">\n\t\t\t\t<div class=\"elementor-element elementor-element-abf69a6 elementor-widget elementor-widget-text-editor\" data-id=\"abf69a6\" data-element_type=\"widget\" data-widget_type=\"text-editor.default\">\n\t\t\t\t<div class=\"elementor-widget-container\">\n\t\t\t\t\t\t\t\t\t<table border=\"0\" cellspacing=\"3\" cellpadding=\"7\"><tbody><tr><td>Frau Sandra Ferschl<\/td><td><a href=\"mailto:Franziska.Stehboeck@schule.bayern.de\">sandra.ferschl@schule.bayern.de<\/a><\/td><\/tr><tr><td>Frau Lucia Reisinger<\/td><td><a href=\"mailto:Gabriele.Bruckner@schule.bayern.de\">lucia.reisinger@schule.bayern.de<\/a><\/td><\/tr><tr><td>Frau Stephanie Hofmeister<\/td><td><a href=\"mailto:Maria.Weber@schule.bayern.de\">stephanie.hofmeister@schule.bayern.de<\/a><\/td><\/tr><tr><td><span lang=\"EN-US\">Maria Weber<\/span><\/td><td><a href=\"mailto:markus.meier@schule.bayern.de\"><span lang=\"EN-US\">maria.weber@schule.bayern.de<\/span><\/a><\/td><\/tr><tr><td>Herr Markus Meier, Pfarrer<\/td><td><a href=\"mailto:markus.meier@schule.bayern.de\">markus.meier@schule.bayern.de<\/a><\/td><\/tr><\/tbody><\/table>\t\t\t\t\t\t\t\t<\/div>\n\t\t\t\t<\/div>\n\t\t\t\t\t<\/div>\n\t\t\t\t<\/div>\n\t\t\t\t<\/div>\n\t\t","protected":false},"excerpt":{"rendered":"<p>Die Grundschule Klardorf zeichnet sich durch eine ansprechende und fachlich kompetente Unterrichtsgestaltung aus. Verantwortlich daf\u00fcr ist unser gesamtes Kollegium. Bereits bei der Planung des Unterrichts achten wir darauf, die Inhalte sowohl am Lehrplan Plus als auch an der Lebensrealit\u00e4t unserer Sch\u00fclerinnen und Sch\u00fcler zu orientieren und ihnen auf diese Art und Weise einen optimalen Start [&hellip;]<\/p>\n","protected":false},"author":1,"featured_media":0,"parent":0,"menu_order":0,"comment_status":"closed","ping_status":"closed","template":"","meta":{"footnotes":""},"class_list":["post-229","page","type-page","status-publish","hentry"],"_links":{"self":[{"href":"https:\/\/grundschule-klardorf.de\/index.php?rest_route=\/wp\/v2\/pages\/229","targetHints":{"allow":["GET"]}}],"collection":[{"href":"https:\/\/grundschule-klardorf.de\/index.php?rest_route=\/wp\/v2\/pages"}],"about":[{"href":"https:\/\/grundschule-klardorf.de\/index.php?rest_route=\/wp\/v2\/types\/page"}],"author":[{"embeddable":true,"href":"https:\/\/grundschule-klardorf.de\/index.php?rest_route=\/wp\/v2\/users\/1"}],"replies":[{"embeddable":true,"href":"https:\/\/grundschule-klardorf.de\/index.php?rest_route=%2Fwp%2Fv2%2Fcomments&post=229"}],"version-history":[{"count":42,"href":"https:\/\/grundschule-klardorf.de\/index.php?rest_route=\/wp\/v2\/pages\/229\/revisions"}],"predecessor-version":[{"id":483,"href":"https:\/\/grundschule-klardorf.de\/index.php?rest_route=\/wp\/v2\/pages\/229\/revisions\/483"}],"wp:attachment":[{"href":"https:\/\/grundschule-klardorf.de\/index.php?rest_route=%2Fwp%2Fv2%2Fmedia&parent=229"}],"curies":[{"name":"wp","href":"https:\/\/api.w.org\/{rel}","templated":true}]}}

<div data-elementor-type="wp-page" data-elementor-id="229" class="elementor elementor-229" data-elementor-post-type="page">
				<div class="elementor-element elementor-element-ced0a9f e-flex e-con-boxed e-con e-parent" data-id="ced0a9f" data-element_type="container">
					<div class="e-con-inner">
				<div class="elementor-element elementor-element-78ed864 elementor-widget elementor-widget-text-editor" data-id="78ed864" data-element_type="widget" data-widget_type="text-editor.default">
				<div class="elementor-widget-container">
									<div class="textwrapper"><p>Die Grundschule Klardorf zeichnet sich durch eine <strong>ansprechende</strong> und <strong>fachlich kompetente</strong> Unterrichtsgestaltung aus. Verantwortlich dafür ist unser <strong>gesamtes Kollegium</strong>.</p><p>Bereits bei der Planung des Unterrichts achten wir darauf, die Inhalte sowohl am Lehrplan Plus als auch an der <strong>Lebensrealität</strong> <strong>unserer Schülerinnen und Schüle</strong>r zu orientieren und ihnen auf diese Art und Weise einen optimalen Start in ihr späteres Schul- und Berufsleben zu ermöglichen.</p><p><br />Wir freuen uns, auch Ihr Kind an unserer Schule begrüßen zu dürfen.</p></div>								</div>
				</div>
					</div>
				</div>
		<div class="elementor-element elementor-element-626ab6e e-flex e-con-boxed e-con e-parent" data-id="626ab6e" data-element_type="container">
					<div class="e-con-inner">
					</div>
				</div>
		<div class="elementor-element elementor-element-75e7cec e-flex e-con-boxed e-con e-parent" data-id="75e7cec" data-element_type="container">
					<div class="e-con-inner">
				<div class="elementor-element elementor-element-f68c168 elementor-widget__width-inherit elementor-widget elementor-widget-text-editor" data-id="f68c168" data-element_type="widget" data-widget_type="text-editor.default">
				<div class="elementor-widget-container">
									<table style="height: 263px;" border="0" width="588" cellspacing="3" cellpadding="5">
<tbody>
<tr>
<td>Name</td>
<td>Klasse</td>
<td>Kontaktdaten</td>
<td></td>
</tr>
<tr>
<td>Frau Emerich Marion</td>
<td>1</td>
<td><a href="mailto:marion.emerich@schule.bayern.de">marion.emerich@schule.bayern.de</a></td>
<td></td>
</tr>
<tr>
<td>Frau Wessnitzer Petra</td>
<td>2a</td>
<td><a href="mailto:petra.wessnitzer@schule.bayern.de">petra.wessnitzer@schule.bayern.de</a></td>
<td></td>
</tr>
<tr>
<td>Frau Brigitte Reitenberger</td>
<td>2/3</td>
<td><a href="mailto:brigitte.reitenberger@schule.bayern.de">brigitte.reitenberger@schule.bayern.de</a></td>
<td></td>
</tr>
<tr>
<td>Frau Sabine Jessensky</td>
<td>3/4</td>
<td><a href="mailto:sabine.jessensky@schule.bayern.de">sabine.jessensky@schule.bayern.de</a></td>
<td></td>
</tr>
<tr>


</tr>
</tbody>
</table>								</div>
				</div>
					</div>
				</div>
		<div class="elementor-element elementor-element-5d8b429 e-flex e-con-boxed e-con e-parent" data-id="5d8b429" data-element_type="container">
					<div class="e-con-inner">
				<div class="elementor-element elementor-element-c338355 elementor-widget elementor-widget-text-editor" data-id="c338355" data-element_type="widget" data-widget_type="text-editor.default">
				<div class="elementor-widget-container">
									<p>Zum Lehrerkollegium gehören außerdem</p>								</div>
				</div>
					</div>
				</div>
		<div class="elementor-element elementor-element-15c8d35 e-flex e-con-boxed e-con e-parent" data-id="15c8d35" data-element_type="container">
					<div class="e-con-inner">
				<div class="elementor-element elementor-element-abf69a6 elementor-widget elementor-widget-text-editor" data-id="abf69a6" data-element_type="widget" data-widget_type="text-editor.default">
				<div class="elementor-widget-container">
									<table border="0" cellspacing="3" cellpadding="7"><tbody><tr><td>Frau Sandra Ferschl</td><td><a href="mailto:Franziska.Stehboeck@schule.bayern.de">sandra.ferschl@schule.bayern.de</a></td></tr><tr><td>Frau Lucia Reisinger</td><td><a href="mailto:Gabriele.Bruckner@schule.bayern.de">lucia.reisinger@schule.bayern.de</a></td></tr><tr><td>Frau Stephanie Hofmeister</td><td><a href="mailto:Maria.Weber@schule.bayern.de">stephanie.hofmeister@schule.bayern.de</a></td></tr><tr><td><span lang="EN-US">Maria Weber</span></td><td><a href="mailto:markus.meier@schule.bayern.de"><span lang="EN-US">maria.weber@schule.bayern.de</span></a></td></tr><tr><td>Herr Markus Meier, Pfarrer</td><td><a href="mailto:markus.meier@schule.bayern.de">markus.meier@schule.bayern.de</a></td></tr></tbody></table>								</div>
				</div>
					</div>
				</div>
				</div>

<p>Die Grundschule Klardorf zeichnet sich durch eine ansprechende und fachlich kompetente Unterrichtsgestaltung aus. Verantwortlich dafür ist unser gesamtes Kollegium. Bereits bei der Planung des Unterrichts achten wir darauf, die Inhalte sowohl am Lehrplan Plus als auch an der Lebensrealität unserer Schülerinnen und Schüler zu orientieren und ihnen auf diese Art und Weise einen optimalen Start [&hellip;]</p>
